d 3.
3
Let g(a) = 12*a**2 + 4*a - 1. Suppose 0 = 4*q + 3*m + 3, 3*m + 10 = -5*q - 2*m. Let j be g(q). Calculate the greatest common divisor of 17 and j.
17
Let w = -9 - -13. What is the greatest common divisor of w and 12?
4
Let s(z) be the first derivative of -9*z**2/2 + 2*z - 5. Let o be s(-7). Calculate the highest common factor of o and 13.
13
Let w be ((-5)/12*-51)/(3/12). What is the highest common divisor of 68 and w?
17
Suppose 2*n - 24 = -5*x, -n + 60 = 4*n - 5*x. Calculate the greatest common factor of n and 48.
12
Let f(v) = 8*v - 3. Let s be f(6). Calculate the greatest common factor of 18 and s.
9
Let o = 24 + -9. Suppose -2*h - u = -267, 251 = 2*h - 4*u - 31. What is the highest common divisor of o and h?
15
Suppose 5*t = 8*t. Suppose 3*d + h - 21 = t, 0*h = d - 4*h - 7. Calculate the highest common factor of 63 and d.
7
Let d = -142 - -150. What is the greatest common factor of 40 and d?
8
Suppose 4*w - 3*d - 17 = -w, 4 = -4*w - 2*d. Let z be (6/w)/(2/27). Calculate the greatest common divisor of z and 9.
9
Let h = 346 + -192. Let d(u) = u**3 - 6*u**2 + u - 2. Let a be d(6). Suppose -a*l - 17 = -73. What is the highest common factor of l and h?
14
Suppose -8 = -5*x + 7. Let d = 31 - x. Suppose -2*w + 24 = -s - 0*s, 5*s = -3*w + 62. What is the greatest common divisor of d and w?
14
Let z(g) = g**3 - 8*g**2 + 3*g - 5. Let k be z(8). What is the highest common divisor of 209 and k?
19
Suppose -3*k + 2*k - 18 = 0. Let a = 44 + k. Calculate the highest common divisor of a and 104.
26
Let o be (196/(-70))/(2/(-5)). Calculate the greatest common factor of 7 and o.
7
Let u(o) = o. Let p be u(2). Suppose p*k - 46 = 4. What is the highest common factor of k and 125?
25
Let f be (18 + -3 - 3)/2. Suppose -4*x = -3*w - f*x + 34, -43 = -4*w - 5*x. Calculate the highest common divisor of 3 and w.
3
Let i = -39 + 45. Let p be -1*(-40 + -1 + -1). What is the greatest common factor of i and p?
6
Let a = 47 + -83. Let o(w) = -5*w**3 - 3*w**2 + w. Let y be o(2). Let i = a - y. Calculate the highest common divisor of 2 and i.
2
Let d be ((-34)/12*2*6)/(-1). Let o(m) = m**3 + 8*m**2 - 2*m + 1. Let z be o(-6). What is the greatest common divisor of d and z?
17
Let o be (-2)/((-4)/(4 - 0)). Let p be 0 + -2*o/(-4). Calculate the greatest common factor of p and 8.
1
Let r(h) = h**3 + 8*h**2 + 2*h - 5. Suppose -1 - 4 = i. Let g be r(i). What is the greatest common divisor of g and 30?
30
Suppose 3*z + 13 + 8 = 0. Let y be 9/((4/z)/(-4)). What is the greatest common factor of y and 7?
7
Suppose 0 = 3*l + 5*r - 171, 0 = 3*l - 4*r - 122 - 22. Calculate the greatest common divisor of 4 and l.
4
Let g(x) = 7*x**2 + 13*x - 2. Let h(m) = 15*m**2 + 27*m - 5. Let d(y) = -13*g(y) + 6*h(y). Let c be d(-4). What is the highest common divisor of c and 88?
8
Suppose -25 - 26 = -3*w. Let j be ((-51)/(-6))/(2/8). Calculate the highest common factor of w and j.
17
Suppose -6*d + 2*g + 1252 = -3*d, -g = 2*d - 837. Calculate the highest common divisor of 38 and d.
38
Let m = 12 - 21. Let j be (-5)/(30/m)*94. Let w be -2 + 3 - j/(-3). What is the highest common factor of 16 and w?
16
Let k be (-3)/2*28/3*-6. Let j = -39 - -67. Calculate the greatest common divisor of k and j.
28
Suppose 0 = 2*t - 168 + 60. Calculate the greatest common factor of t and 18.
18
Let g = -187 - -276. Suppose i - 292 = -5*m, 4*m - 135 = 4*i + g. Let d = -39 + m. What is the greatest common factor of d and 95?
19
Suppose -4*s = -f - 173, 0*f + 74 = 2*s + 2*f. Let g = -77 - -83. Calculate the highest common divisor of g and s.
6
Suppose 3*j - 1 = 2*m + 7, 0 = -3*m - 12. Suppose j = -9*f + 4*f + 330. What is the highest common factor of f and 6?
6
Let w be (12/(-14))/(2/28). Let k be -3 + ((-6)/(-2) - w). Suppose -3*j + 4*j - 132 = 0. Calculate the highest common factor of k and j.
12
Let o = -11 + 18. Suppose -c + 87 = 2*g, -18*g - 5*c = -17*g - 57. What is the greatest common factor of o and g?
7
Suppose 3*v + v - 56 = 0. Suppose 0 = 2*w - 86 + v. Calculate the highest common factor of 4 and w.
4
Let w(d) = -d**3 + 4*d**2 + d - 1. Let o be w(4). Suppose 0 = -o*f - 0*f. Suppose -q + 31 = p, p + 1 - 4 = f. Calculate the highest common factor of 4 and q.
4
Let z(b) = b**2 + 3*b - 4. Let y be z(-4). Suppose -5*j + y = -20. Suppose -36 = -j*q - 0*q. Calculate the greatest common factor of q and 9.
9
Let x(n) = -n**3 + 9*n**2 + n - 7. Let c be x(9). Suppose 0 = -c*l + 102 + 204. Suppose 34 = -3*s + 5*s. What is the highest common divisor of l and s?
17
Suppose 0 = -2*n - 4*h + 6, 0 = n - 0*n - 5*h - 3. Suppose -v + 1 = -l - 5, -14 = -2*v + n*l. Calculate the highest common factor of 32 and v.
4
Let j = -7 + 57. What is the highest common divisor of j and 10?
10
Let r(q) = -q**3 + 1. Let s be r(1). Suppose s = -4*t + 7 + 5. Suppose 0 = 7*i - t*i - 48. What is the highest common divisor of 48 and i?
12
Suppose 132 = 2*b + 4*i - 136, 5*b = -4*i + 700. Suppose a - b = -a. What is the greatest common divisor of 48 and a?
24
Suppose 102 = -5*p + 837. Calculate the greatest common factor of p and 21.
21
Suppose c + 61 = 4*v, 0 = 3*v + v + 2*c - 46. Calculate the highest common factor of 112 and v.
14
Let t = 117 + -51. What is the highest common divisor of t and 44?
22
Let t = 62 - 42. Suppose t = 4*m - 20. Suppose -70 = -4*u - m. What is the highest common divisor of 165 and u?
15
Let r be (3 - -11) + (3 - 6). What is the greatest common factor of r and 33?
11
Let f(q) = -19*q + 6. Let b be f(-1). Let k be 40/6*(-9)/(-6). What is the greatest common factor of k and b?
5
Let i(a) = 2*a**3 - 7*a**2 - a. Let q be i(5). What is the highest common factor of 10 and q?
10
Let m be 1/2*(-24)/12. Let o = m - -41. Let i(r) = -r**2 - 6*r + 5. Let s be i(-5). Calculate the highest common divisor of s and o.
10
Suppose -3*b - 4 + 61 = 0. Let g = 31 - b. Let t be (-2)/(-5)*(g - -3). What is the highest common divisor of 6 and t?
6
Let x = -23 - -73. Let m = -10 + 1. Let i = 11 - m. Calculate the greatest common divisor of x and i.
10
Let g = 24 - 23. Let i(z) = -z**2 + 4*z - 1. Let f be i(3). Suppose -f*c + 0 + 10 = 0. What is the greatest common factor of g and c?
1
Let y(w) = 21 - 16 + 2*w - 3*w. Suppose 47 = -5*o + 4*q, 6*q = q + 15. Let u be y(o). Calculate the greatest common factor of 60 and u.
12
Suppose -4*v = -8 - 8. Let t = 7 - 2. Suppose 0 = -4*o + t*i + 153, 2*o - 6*i = -v*i + 74. Calculate the greatest common divisor of o and 80.
16
Let j = 5 + -3. Let a(q) = 1 - 2*q + q**j - q + 5*q - 16*q**3. Let g be a(-1). Calculate the highest common divisor of g and 8.
8
Suppose 4*a - 78 = 5*q + 88, 3*a - 72 = 2*q. Let i be q/8*24/(-9). Calculate the highest common factor of i and 110.
10
Let m be (1 + 4)*3/3. Suppose 0 = m*j + 5*z - 25, -8 = 4*j + z - 22. Suppose -9 = 2*a - j*a. Calculate the highest common divisor of 81 and a.
9
Let o be (-16)/(-10)*55/22. What is the highest common factor of o and 32?
4
Let h = -8 + 12. Suppose -h*b - 3*c - c + 36 = 0, -4*c - 54 = -5*b. Suppose 250 = 6*w - w. What is the greatest common factor of w and b?
10
Let y = -4 - -18. What is the highest common factor of y and 112?
14
Let s be (-2 + 16/12)*-39. What is the greatest common factor of s and 234?
26
Let k be 277/8 + (-6)/(-16). What is the highest common divisor of k and 175?
35
Let c = -3 + 5. Let n be 24/9*3/c. Suppose -q + 8 = -n. Calculate the greatest common factor of q and 3.
3
Let i be 4/6*15*1. Suppose 0 = 4*s - 20, a - 50 = 6*a - 2*s. Let q be -4*((1 - 3) + a). Calculate the greatest common factor of i and q.
10
Let b = -58 + 81. Let d = b + 1. What is the greatest common factor of d and 72?
24
Let g(t) = -14*t**3 - 3*t**2 - 6*t - 7. Let n be g(-2). What is the greatest common divisor of n and 42?
21
Suppose -o + 2*o = 5. Suppose -o*t - 125 = -6*t. Suppose 4*f + 41 = 2*i - 57, -t = -2*i - 5*f. Calculate the greatest common factor of i and 22.
11
Let l(a) = -a + 4*a + 5*a. Let m be l(-1). Let k = m + 18. What is the greatest common factor of k and 10?
10
Let x(y) = 2*y**2 - 5*y - y**2 + 0 + 1. Suppose 7*z - 2*z - 30 = 0. Let i be x(z). Calculate the greatest common factor of i and 28.
7
Let s(f) = f**3 - 4*f**2 + 5*f - 4. Let g be s(3). Suppose 2*b - 2*o = 28 + g, -b - 4*o - 10 = 0. Calculate the highest common diviso